 = 27, 2*w - 57 = 2*n - 51. Suppose b = d - w. List the prime factors of d.
2, 5
Let s(w) = 1280*w - 1619. What are the prime factors of s(46)?
3, 19087
Let u(o) = 5*o**2 + 72*o + 3. Let l be u(-26). Suppose 4*p - l = 5*v - 435, -p + 4*v = -280. List the prime factors of p.
2, 3, 11
List the prime factors of (-214)/(-4)*(188/(-611))/(4/(-7306)).
107, 281
Let o(c) = c**3 + 15*c**2 - 6*c + 59. Let w be o(-15). Suppose -m + 103 + w = 0. What are the prime factors of m?
2, 3, 7
Suppose 5*f - 7*f + 8 = 0. Suppose -4*d + 0*s + 936 = -s, 5*d + f*s = 1191. List the prime factors of d.
5, 47
Let i = 88 + -79. Let g(o) = 7*o**2 - 2*o + 46. List the prime factors of g(i).
5, 7, 17
Let q(p) be the third derivative of -p**6/120 - 3*p**5/10 - p**4/8 - 10*p**3/3 - 15*p**2. Let s be q(-18). Let z = s - -23. List the prime factors of z.
3, 19
Let c be (-3 - (2 + -5)) + 21. Let p be 250/5*c/(-6). Let b = 294 + p. List the prime factors of b.
7, 17
List the prime factors of ((-340)/51)/((-35)/36834).
2, 877
Let k = 48316 - 34499. What are the prime factors of k?
41, 337
List the prime factors of (-8 - -22 - 28) + 55.
41
Let j be (-229)/(-3) - 3/9. Let p = j - 49. Let o = p - -11. What are the prime factors of o?
2, 19
Suppose 0 = -4*h + 3*x + 2266 - 137, 0 = -4*x - 12. Let s = h + -254. What are the prime factors of s?
2, 3, 23
Let j be (((-48)/20)/(-1))/((-6)/(-435)). Let t = 634 - j. Suppose -2*g - t = -7*g. List the prime factors of g.
2, 23
Suppose 48833 = 4*b + o + 255, -5*o + 30 = 0. List the prime factors of b.
12143
Let l = -109 + 330. Let i be 0 - ((-2)/(-3))/((-18)/(-108)). List the prime factors of (l/52)/((-1)/i).
17
Let h(k) = 2*k**2 + 13*k + 8. Let m be h(-6). Suppose -m*g + 0 = -i - 10, -g + 5 = 3*i. Suppose i = 3*d - 6, 3*t + d + 39 = 284. List the prime factors of t.
3
Let j(c) = 31*c - 40. Let u be (7/(-14))/((-2)/52). What are the prime factors of j(u)?
3, 11
Let k(a) = -a**2 + 20*a + 24. Let r(s) = 2*s**2 - 14*s + 5. Let z be r(8). Let m be k(z). List the prime factors of -62*((-8)/2 + m).
2, 31
Suppose 0 = 17968*p - 17998*p + 719040. What are the prime factors of p?
2, 7, 107
Let r(i) = 54*i + 51. Let w be r(-2). What are the prime factors of 11/((-1254)/12) - 19614/w?
2, 43
Suppose -1505 = -5*k - 350. Suppose 225*r + 4380 = k*r. List the prime factors of r.
2, 5, 73
Suppose 0 = 165*b - 170*b - 30. What are the prime factors of (1028*b/12)/(-2)?
257
Suppose -c - 3 - 12 = 0. Let k = -11 - c. Suppose -5*d + 2*f + 34 = f, -k*d + 2*f = -26. List the prime factors of d.
7
Suppose -2*n - 484 - 1316 = 0. Let o = n - -1269. What are the prime factors of o/6*(-4 + 6) + 1?
2, 31
Suppose -947 = -0*b - b + 3*n, -3*n - 4771 = -5*b. Suppose -t = 2*u - b, -5*u - 4855 = -16*t + 11*t. What are the prime factors of t?
2, 3, 7, 23
Let w(x) = -x**3 - 8*x**2 + 4*x - 21. Let r be w(-9). Suppose 2*f = 3*f - 4. List the prime factors of (-3060)/r*f/(-6)*2.
2, 5, 17
Suppose -r + 432 = 162. Let k = -55 + r. List the prime factors of k.
5, 43
Suppose -32 = -4*n + r, -4*r + r = -3*n + 24. Suppose 5500 = n*s + 3*s. What are the prime factors of s?
2, 5
Let w = 5291 - 1896. What are the prime factors of w?
5, 7, 97
Suppose 4*x - 350*f - 871 = -351*f, 0 = -4*x - 4*f + 880. What are the prime factors of x?
7, 31
Suppose 16*z - 98251 - 558965 = 0. What are the prime factors of z?
2, 3, 7, 163
Let m = -5819 - -10788. What are the prime factors of m?
4969
Let z be (4/((-60)/27))/((-24)/160). Suppose -3 = y, 3*x = z*y - 13*y + 4146. List the prime factors of x.
3, 461
Let c(s) = -s**3 - 36*s**2 + 88*s - 183. What are the prime factors of c(-42)?
3, 5, 149
Let w = 910 + 984. What are the prime factors of w?
2, 947
Suppose 73*u + 719 = 14589. What are the prime factors of u?
2, 5, 19
Let k = 45 - 27. Let h be ((-24)/k)/(4/6). List the prime factors of (h/(-1))/((-5)/(255/(-6))).
17
Let w = -11 - -16. Suppose w*s + 0*s = -10. What are the prime factors of 3*(s - 200/(-6))?
2, 47
Let f = 1054 + 11020. What are the prime factors of f?
2, 6037
Let s = -5 - 53. Let m = -56 - s. Suppose 3*o + 4 = m*o, -5*o - 362 = -3*q. What are the prime factors of q?
2, 3, 19
Suppose 5*u = 4*w - 140, 9*u - 3*w + 135 = 4*u. Let q(f) = f**3 + 24*f**2 - 53*f + 18. List the prime factors of q(u).
2, 3, 5, 43
Suppose s - 124 - 4786 = -2*k, -2*s = -2*k - 9808. List the prime factors of s.
2, 11, 223
Suppose 2*j - 115 - 159 = 0. Suppose 5*f - 1482 = -w, 3*f - 3*w = 30 + 852. Let h = f - j. List the prime factors of h.
3, 53
Suppose 4*h - 12 = -0. Suppose -h*o = -85 + 76. Suppose -o*p + 356 = 5*b - 10*b, -4*b = 16. List the prime factors of p.
2, 7
Suppose d - 134026 = -3*c - 3*d, 4*d + 133994 = 3*c. Suppose c = 12*i + 18*i. What are the prime factors of i?
1489
Let h(o) be the first derivative of o**4/2 - 6*o**3 + 5*o**2/2 + 41*o + 260. What are the prime factors of h(9)?
2, 43
What are the prime factors of 297/(-6)*77108/(-666)?
11, 521
Suppose -w = 5*w - 36. Suppose w*d = d + 4160. List the prime factors of 4*1/22 + d/22.
2, 19
Suppose 4*p - 35 - 21 = 0. Let b = -151 + 185. Let y = b + p. What are the prime factors of y?
2, 3
Let w(a) be the third derivative of a**5/5 - 3*a**4/4 + 8*a**3/3 - 11*a**2. Let p(y) be the first derivative of w(y). List the prime factors of p(4).
2, 3, 13
Let p = 5077 - -724. What are the prime factors of p?
5801
Let v(i) = 47*i - 642. What are the prime factors of v(35)?
17, 59
Let z(a) = -13*a + 4. Suppose -o + 4 + 2 = -w, 0 = 4*o - 16. Let r be z(w). List the prime factors of (0 + 1)*(r - -4).
2, 17
Let v(z) = -z**2 - 5*z + 1. Let u be v(-4). Suppose -g + 25 = -3*k - 61, 4*g - 134 = u*k. What are the prime factors of (k/25)/((-12)/40)?
2
Let n(g) = -g**3 - 15*g**2 - 17*g. Let k be n(-14). Let t = k - 39. Suppose s + t*p - 53 = 21, 2 = -p. What are the prime factors of s?
2, 5
Suppose -78*h - 425063 + 1172324 + 1215843 = 0. List the prime factors of h.
2, 11, 13
Let v = 59 - 34. Let y = -22 + v. Suppose h + 202 = y*h. List the prime factors of h.
101
Let q be -2 + -4*(-1 + -1). Suppose -2*y = -q*y + 12. Suppose 303 = 4*z + y. List the prime factors of z.
3, 5
List the prime factors of (5/((-50)/(-16)))/((-98)/(-1674085)).
2, 6833
Suppose -k + 479 = -6*s + 5*s, 5*s = -k + 461. What are the prime factors of k?
2, 7, 17
Suppose -83*w + 12 = -81*w. Suppose -7*g = -w*g, 5*c - 3*g - 1170 = 0. Suppose 5*a - c = -14. What are the prime factors of a?
2, 11
Let z be (3 - 2) + (-1 - -3). Suppose -a - 96 = -z*a. Suppose 2*u = -a + 146. What are the prime factors of u?
7
Let v(q) = q**2 + 5 + 8*q - 9 + 9 + 2*q. Let n be v(-11). Suppose 0 = -3*i - s + 22, 2*i + 4*s = -i + n. List the prime factors of i.
2
Suppose -21*z = -11*z - 210. Let h(m) = -z*m - 12 - 8 - 7*m**2 - 10*m**2 - m**3. What are the prime factors of h(-16)?
2, 3, 5
What are the prime factors of 48668/7 - (4030/217 - 19)?
17, 409
Suppose -339 - 101 = -2*g. Suppose -g = -8*t + 116. Suppose 11*s = 145 + t. What are the prime factors of s?
17
Let p be (-5)/((-3 - -1) + 4350/2180). Suppose p = 6*x + 4*x. Let a = x + -28. What are the prime factors of a?
3
What are the prime factors of (-4192)/(3/(-27) - 210/540)?
2, 131
Suppose -504 = -10*j + 34526. What are the prime factors of j?
31, 113
Let y(h) be the second derivative of h**6/120 - 3*h**4/8 - 7*h**3/3 + 10*h. Let k(o) be the second derivative of y(o). What are the prime factors of k(-4)?
3, 13
Let s(c) = -c**3 - 17*c**2 - 45*c - 54. Let r be s(-14). Let n = 1 + 0. List the prime factors of n/(4/215) + 9/r.
53
Let r(v) = -v**3 + 7*v**2 + 19*v - 5. Let c(m) = -3*m + 3. Let l be c(-2). Let s be r(l). Let h(w) = 24*w - 17. List the prime factors of h(s).
79
Suppose 4*b + 0*b = 5*z - 47, z - 2*b = 13. Let h(a) = 8*a**2 + 0*a + z*a**2 + 3*a - 4*a. What are the prime factors of h(2)?
2, 29
Let r = -117 + 122. Suppose -620 = -r*x - 2*i + 586, 714 = 3*x - 2*i. List the prime factors of x.
2, 3, 5
Let a(g) = -15*g**2 + 46*g + 15. Let n be a(3). Let v(b) = 72 + 0*b - 2*b + 10*b. What are the prime factors of v(n)?
2, 3
Let f(h) = -181*h**3 + 2*h**2 + h. Let n be (14/21)/((-2)/9). Let y be n/5 - 10/25. What are the prime factors of f(y)?
2, 7, 13
Suppose 3*j + 2 = -5*u + 5, -2*j + 4*u = -24. Suppose j = 2*r + 12. List the prime factors of (21/r)/(4/(-420)*3).
5, 7
Let q be (((-12)/